t t(m) = 4*m + 3. Let g(z) = 7*t(z) + 3*v(z). Let c be g(0). List the prime factors of u(c).
2
Let b(q) = -38*q**3 + q**2 - q - 1. What are the prime factors of b(-1)?
3, 13
Let y be (-2)/(-4)*(-6)/(-1). Suppose 32 = 4*b - y*b. List the prime factors of b.
2
Let u = -9 - -124. What are the prime factors of u?
5, 23
Let n(k) be the first derivative of -k**2 - 5*k + 3. What are the prime factors of n(-7)?
3
Let t be (-20)/(-70) - 108/(-14). Let c(y) = -y**2 + 12*y - 6. List the prime factors of c(t).
2, 13
Let m(k) = k**2 + k + 2. Let v be m(0). List the prime factors of v/(-1) - (-9 + -5).
2, 3
What are the prime factors of (-1 + 3)/(1/11)?
2, 11
What are the prime factors of 5*2/1 + 0?
2, 5
Let y(t) = 3*t**2 - 15*t - 32. Let d(r) = r**2 - 5*r - 11. Let z(f) = 17*d(f) - 6*y(f). Let a be z(5). List the prime factors of (6 + 29)*2/a.
2, 7
Suppose -45 = -5*a + 5*p, -2*a + a - p - 1 = 0. Suppose 18 = w - 3*h, -a*h + 14 = 4*w + w. List the prime factors of w.
2, 3
Suppose -w + 20 = 3*w. Suppose -w*v + 47 = 2*o, 0*o + 4*o + v = 67. Let s = -8 + o. What are the prime factors of s?
2
Let r = 6 - 4. Let q(a) be the second derivative of a**4/6 + a**3/6 + 17*a. List the prime factors of q(r).
2, 5
Suppose 3*u - 49 - 52 = -5*h, 0 = 4*u - 3*h - 96. List the prime factors of u.
3
Let a be ((-6)/(-15))/(2/20). Suppose 0 = a*l - 11 - 17. Let p = -3 + l. What are the prime factors of p?
2
Let m = 108 + 188. List the prime factors of m.
2, 37
Let h(t) = 3*t**3 - 2*t**2 + 1. Let b be h(1). Let l(g) = 2*g**2 - g**b + 5*g**3 - 4*g**3. What are the prime factors of l(2)?
2, 3
Let w(j) = 2*j. Suppose 3*q + 1 = 2*v, -16 = -q - q - 2*v. What are the prime factors of w(q)?
2, 3
Suppose -8 = -7*r + 5*r. List the prime factors of (-7 + r)*(-75)/9.
5
Suppose 3*x = 40 + 62. What are the prime factors of x?
2, 17
Let j(y) = 11*y - 28. List the prime factors of j(7).
7
List the prime factors of 698/7 + (-62)/(-217).
2, 5
Let f be (-1)/(-3) + (-534)/(-18). Suppose 4*q - 2*i = 2*q - f, 4*i + 36 = -2*q. Let m = -10 - q. What are the prime factors of m?
2, 3
Let o be 0 + 2 + (-2)/2. Let n = 5 + -7. List the prime factors of ((-5)/o)/(2/n).
5
Suppose 2 = -4*d + 22. Suppose -4*b = -15 - d. List the prime factors of b.
5
Let p(o) = 2*o - 10. Let d be p(8). Suppose 3*t = -2*b + 47, d*t - 46 = -2*b + 4*t. List the prime factors of b.
2, 11
Let k be (2 - 3)/((-2)/8). Suppose 17 = -i - k*o + 56, -4*o = 5*i - 179. What are the prime factors of i?
5, 7
Suppose 4*m - 26 = -a + 2*m, -a - 5*m = -32. List the prime factors of a.
2, 11
Let n(g) = 56*g**2 - 2*g + 3. What are the prime factors of n(1)?
3, 19
Let p(s) = -19*s. Suppose 4*x + 13 - 5 = 0. Let z be p(x). Suppose 0 = -2*q + 5*g + 48, z = q - 5*g + 4. List the prime factors of q.
2, 7
Let i be (-3)/(-6)*-2 - 0. List the prime factors of 3/i + 30 + 1.
2, 7
Let s(l) = -l**3 - 8*l**2 - l - 2. What are the prime factors of s(-8)?
2, 3
Let r(k) = -k**2 + 6*k. Let v(o) = -o. Let c(u) = -r(u) - 6*v(u). Suppose -2*t + 6 = t. What are the prime factors of c(t)?
2
Suppose -2*k = -5*y - 98, -y + 184 = 4*k - 5*y. What are the prime factors of k?
2, 11
Suppose -4*z + 16 + 4 = 0. Suppose 0 = -4*k, 2*a = -0*k + z*k + 56. What are the prime factors of a?
2, 7
Let w(o) = -17*o**2 + 8*o - 4. Let f(k) = 9*k**2 - 4*k + 2. Let h(b) = -7*f(b) - 4*w(b). List the prime factors of h(2).
2, 7
Let h be 3*(-7)/(-3)*-1. Let n = h - -9. Suppose -3*z = 3*q - 27, -2*q = -2*z - 0 + n. List the prime factors of z.
5
Suppose -5*p + 1986 = 101. List the prime factors of p.
13, 29
Let u(j) = j**2 - 7*j + 8. List the prime factors of u(6).
2
Suppose -2*z = 2*j - 0*z + 12, -3*z = -4*j - 17. Let i(w) = w**3 + 6*w**2 + w - 4. List the prime factors of i(j).
2
Let y(h) = 3*h. Let r be y(3). Let m = r - 3. Suppose -10 - m = -4*z. List the prime factors of z.
2
Let w = -4 - -6. Suppose 5*q - 8 = 3*o, o + o - 16 = -w*q. What are the prime factors of o?
2
Let v(l) be the second derivative of 2*l**3/3 - l**2 + l. Suppose -3*n + 5 = -t + 3*t, 2*t - n - 9 = 0. What are the prime factors of v(t)?
2, 7
Let k = 36 + -26. Let t be ((-16)/(-10))/(4/k). Suppose -2 = -2*m - t, -4*y - 3*m + 17 = 0. List the prime factors of y.
5
List the prime factors of (12/(-15))/((-4)/6)*40.
2, 3
Let t = 124 - -48. What are the prime factors of t?
2, 43
Let q(u) = 47*u - 38. What are the prime factors of q(4)?
2, 3, 5
Let b(j) be the third derivative of 11*j**5/60 + j**4/12 - j**3/6 - j**2. List the prime factors of b(1).
2, 3
Suppose -3*s - 23 = -104. What are the prime factors of s?
3
Let x(a) = a**3 - 2*a**2 + a. Let d be x(3). Suppose l - 5 = d. List the prime factors of l.
17
Suppose -7*r = -2*r - 70. List the prime factors of r.
2, 7
Let g = 75 + 53. Suppose 4*m + 20 - g = 0. List the prime factors of m.
3
Let k = -2 - -21. What are the prime factors of k?
19
Let h be (-3)/(1/(-27) - 0). Suppose 5*k = 5*q - 100, -h = -4*q - 0*k + 3*k. Suppose 5*o - q = -4*a + 4*o, -2*a + 9 = o. List the prime factors of a.
2, 3
Suppose -3*p = -4*m + 571, 0 = 4*m - 3*p - 2*p - 565. Suppose w - m = -4*w. Let z = w + -13. What are the prime factors of z?
2
What are the prime factors of 2/(-2) - 3*-12?
5, 7
Let w(f) = f - f**2 + 3*f**2 + 4*f**3 - 3*f**3. Let r be w(-2). List the prime factors of r/4*104/(-4).
13
Let z(v) = 2*v**3 + 7*v**2 + v - 1. Suppose 3*h + 2*l = -11, -2*h + 4*l = -l - 18. Let m(x) = -x**3. Let p(f) = h*m(f) - z(f). List the prime factors of p(-7).
2
Suppose 5*p = 20, k + 5*p - 2 = 2*p. Let o(c) = -3*c**2 - 8*c + 2. Let q be o(-4). Let x = k - q. What are the prime factors of x?
2
Suppose 4*w + 6 = 6*w. List the prime factors of 1 + 10 + (-6)/w.
3
Let l(r) = -r**2 - 4*r - 1. Let h be l(-5). Let s be (5 - 1)*(h - -3). Let j = s + 23. What are the prime factors of j?
11
Suppose 2*y + 0*y = -8. Let z = y + 5. List the prime factors of z/(-4) - (-34)/8.
2
Let v = 54 + -18. What are the prime factors of v?
2, 3
Suppose -i + 19 = 5*d, 3*d + 6*i = i + 29. Let a = d - -2. Let m = a + 3. List the prime factors of m.
2
Let j(i) be the second derivative of -i**3/6 + 3*i**2/2 - i. Let d be j(3). Let c = d + 3. List the prime factors of c.
3
Suppose 0 = 8*h - 3*h - 130. What are the prime factors of h?
2, 13
Suppose 3*m + 69 = 3*w, -35 = 4*m + 4*w + 65. List the prime factors of (-54)/m + 6/8.
3
Let t = -9 - -10. Suppose -t = -5*k + 19. What are the prime factors of k?
2
Let q = 391 + -275. What are the prime factors of q?
2, 29
List the prime factors of 3 - (-1)/(4/108).
2, 3, 5
Suppose -2*s + 7 = -17. Suppose -5*r = -2*c + 26, -5*c + 6*r = 2*r - 48. List the prime factors of (-82)/(-6) - c/s.
13
Let o = -1 - 3. Let h(u) = -u - 1. List the prime factors of h(o).
3
Let q(p) = p**2 - 2*p + 3. Let j be q(6). Suppose -5*f + j = -f - a, 0 = -f + 2*a + 12. Let l(v) = 2*v - 7. What are the prime factors of l(f)?
5
Let x = 6 - 12. Let k be ((-28)/6)/(x/36). List the prime factors of (-4)/(-14) + 580/k.
3, 7
Let l(i) = -i**3 + 6*i**2 + 8*i - 1. Let c be l(7). Suppose c*b = 2*b + 68. List the prime factors of b.
17
Let u(x) be the second derivative of x**6/120 + x**5/20 - x**4/8 - 3*x**2/2 + x. Let f(g) be the first derivative of u(g). List the prime factors of f(-3).
3
Suppose -3*l + 16 + 11 = 0. Suppose -7 = -t + l. What are the prime factors of t?
2
Let j(x) = 7*x + 8. What are the prime factors of j(5)?
43
Let f be (-9)/3 - (1 + (4 - 6)). Suppose -c = -4*o - 6*c + 218, -2*o - 2*c = -108. List the prime factors of o/12 - f/(-6).
2
Let s = 3 + 0. Suppose -f + 0*z = -z - 10, -s*f = z - 26. Suppose -f = -3*p + 6. List the prime factors of p.
5
Let t(a) = -57*a**3 + a + 1. List the prime factors of t(-1).
3, 19
Suppose -4*k + 2*w + 64 = 0, 5*k + 2*w - 75 = 7*w. List the prime factors of k.
17
Let j(w) = -w**3 - 5*w**2 - 2*w + 3. List the prime factors of j(-5).
13
Suppose 5 = -5*i + 3*j, -5*i = 3*j + 11 + 24. List the prime factors of (-84)/15*(i + -1).
2, 7
Let h(y) = 2*y**2 - 2*y + 1. Let j be h(2). Suppose -2*l - j*x + 72 = 0, -4*x + 15 = 4*l - 117. What are the prime factors of l?
31
Let d(g) = -g**3 - 6*g**2 + g + 11. Let p(b) = -1. Let j(n) = -d(n) - 6*p(n). Let i be j(-6). Suppose -l + 4 = -i. What are the prime factors of l?
5
Suppose 5*b - 108 - 87 = 0. What are the prime factors of b?
3, 13
Let l = 17 + 21.